{"id":12464,"date":"2021-06-26T14:46:22","date_gmt":"2021-06-26T11:46:22","guid":{"rendered":"https:\/\/alfadestek.com\/er-olinsaat\/?page_id=12464"},"modified":"2021-06-26T14:46:22","modified_gmt":"2021-06-26T11:46:22","slug":"kaset-metal-asma-tavan","status":"publish","type":"page","link":"https:\/\/www.er-olins.com.tr\/index.php\/urunlerimiz\/asma-tavan-sistemleri\/kaset-metal-asma-tavan\/","title":{"rendered":"Kaset Metal Asma Tavan"},"content":{"rendered":"\t\t<div data-elementor-type=\"wp-page\" data-elementor-id=\"12464\" class=\"elementor elementor-12464\">\n\t\t\t\t\t\t\t\t\t<section class=\"elementor-section elementor-top-section elementor-element elementor-element-67c89288 elementor-section-full_width elementor-section-content-middle elementor-section-height-default elementor-section-height-default\" data-id=\"67c89288\" data-element_type=\"section\">\n\t\t\t\t\t\t<div class=\"elementor-container elementor-column-gap-wide\">\n\t\t\t\t\t<div class=\"elementor-column elementor-col-100 elementor-top-column elementor-element elementor-element-489d69b4\" data-id=\"489d69b4\" data-element_type=\"column\">\n\t\t\t<div class=\"elementor-widget-wrap elementor-element-populated\">\n\t\t\t\t\t\t\t\t<div class=\"elementor-element elementor-element-a674f79 elementor-widget elementor-widget-text-editor\" data-id=\"a674f79\" data-element_type=\"widget\" data-widget_type=\"text-editor.default\">\n\t\t\t\t<div class=\"elementor-widget-container\">\n\t\t\t<style>\/*! elementor - v3.16.0 - 20-09-2023 *\/\n.elementor-widget-text-editor.elementor-drop-cap-view-stacked .elementor-drop-cap{background-color:#69727d;color:#fff}.elementor-widget-text-editor.elementor-drop-cap-view-framed .elementor-drop-cap{color:#69727d;border:3px solid;background-color:transparent}.elementor-widget-text-editor:not(.elementor-drop-cap-view-default) .elementor-drop-cap{margin-top:8px}.elementor-widget-text-editor:not(.elementor-drop-cap-view-default) .elementor-drop-cap-letter{width:1em;height:1em}.elementor-widget-text-editor .elementor-drop-cap{float:left;text-align:center;line-height:1;font-size:50px}.elementor-widget-text-editor .elementor-drop-cap-letter{display:inline-block}<\/style>\t\t\t\t<p style=\"text-align: justify;\">Akustik ah\u015fap paneller, ofis, showroom ve lobi alanlar\u0131nda do\u011fal bir g\u00f6r\u00fcn\u00fcm sunmaktad\u0131r. Delikli ah\u015fap paneller, farkl\u0131 perforasyon tipleriyle orta ya da y\u00fcksek seviyede ses emilim performans\u0131 sa\u011flayan ve akustik projelendirmelerde s\u0131k kullan\u0131lan dekoratif \u00fcr\u00fcnlerdir. \u00d6zellikle alan\u0131n tamam\u0131n\u0131n y\u00fcksek derecede ses yutucu panellerle kaplanamad\u0131\u011f\u0131 yerlerde d\u00fc\u015f\u00fck oranda perforasyonlu \u00fcr\u00fcnlerle ses yans\u0131t\u0131c\u0131 paneller olarak da i\u015flev g\u00f6rmektedirler.<\/p>\t\t\t\t\t\t<\/div>\n\t\t\t\t<\/div>\n\t\t\t\t\t<\/div>\n\t\t<\/div>\n\t\t\t\t\t\t\t<\/div>\n\t\t<\/section>\n\t\t\t\t\t\t\t<\/div>\n\t\t","protected":false},"excerpt":{"rendered":"<p>Akustik ah\u015fap paneller, ofis, showroom ve lobi alanlar\u0131nda do\u011fal bir g\u00f6r\u00fcn\u00fcm sunmaktad\u0131r. Delikli ah\u015fap paneller, farkl\u0131 perforasyon tipleriyle orta ya da y\u00fcksek seviyede ses emilim performans\u0131 sa\u011flayan ve akustik projelendirmelerde s\u0131k kullan\u0131lan dekoratif \u00fcr\u00fcnlerdir. \u00d6zellikle alan\u0131n tamam\u0131n\u0131n y\u00fcksek derecede ses yutucu panellerle kaplanamad\u0131\u011f\u0131 yerlerde d\u00fc\u015f\u00fck oranda perforasyonlu \u00fcr\u00fcnlerle ses yans\u0131t\u0131c\u0131 paneller olarak da i\u015flev g\u00f6rmektedirler.<\/p>\n","protected":false},"author":1,"featured_media":0,"parent":12460,"menu_order":0,"comment_status":"closed","ping_status":"closed","template":"","meta":{"footnotes":""},"class_list":["post-12464","page","type-page","status-publish","hentry"],"_links":{"self":[{"href":"https:\/\/www.er-olins.com.tr\/index.php\/wp-json\/wp\/v2\/pages\/12464","targetHints":{"allow":["GET"]}}],"collection":[{"href":"https:\/\/www.er-olins.com.tr\/index.php\/wp-json\/wp\/v2\/pages"}],"about":[{"href":"https:\/\/www.er-olins.com.tr\/index.php\/wp-json\/wp\/v2\/types\/page"}],"author":[{"embeddable":true,"href":"https:\/\/www.er-olins.com.tr\/index.php\/wp-json\/wp\/v2\/users\/1"}],"replies":[{"embeddable":true,"href":"https:\/\/www.er-olins.com.tr\/index.php\/wp-json\/wp\/v2\/comments?post=12464"}],"version-history":[{"count":0,"href":"https:\/\/www.er-olins.com.tr\/index.php\/wp-json\/wp\/v2\/pages\/12464\/revisions"}],"up":[{"embeddable":true,"href":"https:\/\/www.er-olins.com.tr\/index.php\/wp-json\/wp\/v2\/pages\/12460"}],"wp:attachment":[{"href":"https:\/\/www.er-olins.com.tr\/index.php\/wp-json\/wp\/v2\/media?parent=12464"}],"curies":[{"name":"wp","href":"https:\/\/api.w.org\/{rel}","templated":true}]}}