{"id":12463,"date":"2021-06-26T14:46:19","date_gmt":"2021-06-26T11:46:19","guid":{"rendered":"https:\/\/alfadestek.com\/er-olinsaat\/?page_id=12463"},"modified":"2021-06-26T14:46:19","modified_gmt":"2021-06-26T11:46:19","slug":"akustik-ve-asma-tavan","status":"publish","type":"page","link":"https:\/\/www.er-olins.com.tr\/index.php\/urunlerimiz\/asma-tavan-sistemleri\/akustik-ve-asma-tavan\/","title":{"rendered":"Akustik ve Asma Tavan"},"content":{"rendered":"\t\t<div data-elementor-type=\"wp-page\" data-elementor-id=\"12463\" class=\"elementor elementor-12463\">\n\t\t\t\t\t\t\t\t\t<section class=\"elementor-section elementor-top-section elementor-element elementor-element-67c89288 elementor-section-full_width elementor-section-content-middle elementor-section-height-default elementor-section-height-default\" data-id=\"67c89288\" data-element_type=\"section\">\n\t\t\t\t\t\t<div class=\"elementor-container elementor-column-gap-wide\">\n\t\t\t\t\t<div class=\"elementor-column elementor-col-100 elementor-top-column elementor-element elementor-element-489d69b4\" data-id=\"489d69b4\" data-element_type=\"column\">\n\t\t\t<div class=\"elementor-widget-wrap elementor-element-populated\">\n\t\t\t\t\t\t\t\t<div class=\"elementor-element elementor-element-243871c elementor-widget elementor-widget-text-editor\" data-id=\"243871c\" data-element_type=\"widget\" data-widget_type=\"text-editor.default\">\n\t\t\t\t<div class=\"elementor-widget-container\">\n\t\t\t<style>\/*! elementor - v3.16.0 - 20-09-2023 *\/\n.elementor-widget-text-editor.elementor-drop-cap-view-stacked .elementor-drop-cap{background-color:#69727d;color:#fff}.elementor-widget-text-editor.elementor-drop-cap-view-framed .elementor-drop-cap{color:#69727d;border:3px solid;background-color:transparent}.elementor-widget-text-editor:not(.elementor-drop-cap-view-default) .elementor-drop-cap{margin-top:8px}.elementor-widget-text-editor:not(.elementor-drop-cap-view-default) .elementor-drop-cap-letter{width:1em;height:1em}.elementor-widget-text-editor .elementor-drop-cap{float:left;text-align:center;line-height:1;font-size:50px}.elementor-widget-text-editor .elementor-drop-cap-letter{display:inline-block}<\/style>\t\t\t\t<p id=\"u6469-16\" style=\"text-align: justify;\"><span id=\"u6469-14\">\u015e\u0131k ve estetik g\u00f6r\u00fcn\u00fcm\u00fc, ses yal\u0131tma ba\u015far\u0131s\u0131yla ayn\u0131 anda sa\u011flar.<\/span>Ses yank\u0131s\u0131 olmamas\u0131 istenilen alanlarda isminden de anlayabilece\u011fimiz gibi akustik bir platform olu\u015fturarak yank\u0131 olay\u0131n\u0131 engeller.<\/p><p id=\"u6469-19\" style=\"text-align: justify;\"><span id=\"u6469-18\">Akustik asma tavanlar\u0131 tercihen ses yank\u0131lanmas\u0131n\u0131n minimum olma iste\u011fi bulunan b\u00f6lge, oda ve salonlarda kullan\u0131l\u0131r. Toplant\u0131 odalar\u0131na tercih edilen akustik asma tavan, konu\u015fma s\u0131ras\u0131nda hi\u00e7bir efekti ka\u00e7\u0131rmaman\u0131z\u0131 sa\u011flar. Ayr\u0131ca al\u0131\u015fveri\u015f merkezleri, okullar, dershaneler, ofisler, hastaneler, restoranlar, \u00e7a\u011fr\u0131 merkezleri, radyo st\u00fcdyolar\u0131, televizyon st\u00fcdyolar\u0131, stadyumlar, spor salonlar\u0131 gibi sesin \u00f6nemli boyutlarda ihtiya\u00e7 oldu\u011fu mekanlarda olmazsa olmazd\u0131r. Ses emilimi sayesinde de salonlar\u0131n her b\u00f6lgesinde e\u015fit seviyede ses al\u0131nmas\u0131 sa\u011flanmaktad\u0131r.<\/span><\/p>\t\t\t\t\t\t<\/div>\n\t\t\t\t<\/div>\n\t\t\t\t\t<\/div>\n\t\t<\/div>\n\t\t\t\t\t\t\t<\/div>\n\t\t<\/section>\n\t\t\t\t\t\t\t<\/div>\n\t\t","protected":false},"excerpt":{"rendered":"<p>\u015e\u0131k ve estetik g\u00f6r\u00fcn\u00fcm\u00fc, ses yal\u0131tma ba\u015far\u0131s\u0131yla ayn\u0131 anda sa\u011flar.Ses yank\u0131s\u0131 olmamas\u0131 istenilen alanlarda isminden de anlayabilece\u011fimiz gibi akustik bir platform olu\u015fturarak yank\u0131 olay\u0131n\u0131 engeller. Akustik asma tavanlar\u0131 tercihen ses yank\u0131lanmas\u0131n\u0131n minimum olma iste\u011fi bulunan b\u00f6lge, oda ve salonlarda kullan\u0131l\u0131r. Toplant\u0131 odalar\u0131na tercih edilen akustik asma tavan, konu\u015fma s\u0131ras\u0131nda hi\u00e7bir efekti ka\u00e7\u0131rmaman\u0131z\u0131 sa\u011flar. Ayr\u0131ca al\u0131\u015fveri\u015f&#8230;<\/p>\n","protected":false},"author":1,"featured_media":0,"parent":12460,"menu_order":0,"comment_status":"closed","ping_status":"closed","template":"","meta":{"footnotes":""},"class_list":["post-12463","page","type-page","status-publish","hentry"],"_links":{"self":[{"href":"https:\/\/www.er-olins.com.tr\/index.php\/wp-json\/wp\/v2\/pages\/12463","targetHints":{"allow":["GET"]}}],"collection":[{"href":"https:\/\/www.er-olins.com.tr\/index.php\/wp-json\/wp\/v2\/pages"}],"about":[{"href":"https:\/\/www.er-olins.com.tr\/index.php\/wp-json\/wp\/v2\/types\/page"}],"author":[{"embeddable":true,"href":"https:\/\/www.er-olins.com.tr\/index.php\/wp-json\/wp\/v2\/users\/1"}],"replies":[{"embeddable":true,"href":"https:\/\/www.er-olins.com.tr\/index.php\/wp-json\/wp\/v2\/comments?post=12463"}],"version-history":[{"count":0,"href":"https:\/\/www.er-olins.com.tr\/index.php\/wp-json\/wp\/v2\/pages\/12463\/revisions"}],"up":[{"embeddable":true,"href":"https:\/\/www.er-olins.com.tr\/index.php\/wp-json\/wp\/v2\/pages\/12460"}],"wp:attachment":[{"href":"https:\/\/www.er-olins.com.tr\/index.php\/wp-json\/wp\/v2\/media?parent=12463"}],"curies":[{"name":"wp","href":"https:\/\/api.w.org\/{rel}","templated":true}]}}

<div data-elementor-type="wp-page" data-elementor-id="12463" class="elementor elementor-12463">
									<section class="elementor-section elementor-top-section elementor-element elementor-element-67c89288 elementor-section-full_width elementor-section-content-middle elementor-section-height-default elementor-section-height-default" data-id="67c89288" data-element_type="section">
						<div class="elementor-container elementor-column-gap-wide">
					<div class="elementor-column elementor-col-100 elementor-top-column elementor-element elementor-element-489d69b4" data-id="489d69b4" data-element_type="column">
			<div class="elementor-widget-wrap elementor-element-populated">
								<div class="elementor-element elementor-element-243871c elementor-widget elementor-widget-text-editor" data-id="243871c" data-element_type="widget" data-widget_type="text-editor.default">
				<div class="elementor-widget-container">
			<style>/*! elementor - v3.16.0 - 20-09-2023 */
.elementor-widget-text-editor.elementor-drop-cap-view-stacked .elementor-drop-cap{background-color:#69727d;color:#fff}.elementor-widget-text-editor.elementor-drop-cap-view-framed .elementor-drop-cap{color:#69727d;border:3px solid;background-color:transparent}.elementor-widget-text-editor:not(.elementor-drop-cap-view-default) .elementor-drop-cap{margin-top:8px}.elementor-widget-text-editor:not(.elementor-drop-cap-view-default) .elementor-drop-cap-letter{width:1em;height:1em}.elementor-widget-text-editor .elementor-drop-cap{float:left;text-align:center;line-height:1;font-size:50px}.elementor-widget-text-editor .elementor-drop-cap-letter{display:inline-block}</style>				<p id="u6469-16" style="text-align: justify;"><span id="u6469-14">Şık ve estetik görünümü, ses yalıtma başarısıyla aynı anda sağlar.</span>Ses yankısı olmaması istenilen alanlarda isminden de anlayabileceğimiz gibi akustik bir platform oluşturarak yankı olayını engeller.</p><p id="u6469-19" style="text-align: justify;"><span id="u6469-18">Akustik asma tavanları tercihen ses yankılanmasının minimum olma isteği bulunan bölge, oda ve salonlarda kullanılır. Toplantı odalarına tercih edilen akustik asma tavan, konuşma sırasında hiçbir efekti kaçırmamanızı sağlar. Ayrıca alışveriş merkezleri, okullar, dershaneler, ofisler, hastaneler, restoranlar, çağrı merkezleri, radyo stüdyoları, televizyon stüdyoları, stadyumlar, spor salonları gibi sesin önemli boyutlarda ihtiyaç olduğu mekanlarda olmazsa olmazdır. Ses emilimi sayesinde de salonların her bölgesinde eşit seviyede ses alınması sağlanmaktadır.</span></p>						</div>
				</div>
					</div>
		</div>
							</div>
		</section>
							</div>

<p>Şık ve estetik görünümü, ses yalıtma başarısıyla aynı anda sağlar.Ses yankısı olmaması istenilen alanlarda isminden de anlayabileceğimiz gibi akustik bir platform oluşturarak yankı olayını engeller. Akustik asma tavanları tercihen ses yankılanmasının minimum olma isteği bulunan bölge, oda ve salonlarda kullanılır. Toplantı odalarına tercih edilen akustik asma tavan, konuşma sırasında hiçbir efekti kaçırmamanızı sağlar. Ayrıca alışveriş&#8230;</p>
